s the highest common divisor of 2936743 and 174?
29
What is the highest common divisor of 141401 and 2233361?
1937
Calculate the greatest common factor of 163875 and 25593.
57
What is the greatest common factor of 227 and 170604347?
227
What is the highest common divisor of 182716 and 13124?
68
Calculate the highest common factor of 35 and 1109332.
7
Calculate the greatest common factor of 219895 and 20247.
17
Calculate the highest common divisor of 68754 and 3738.
42
What is the highest common divisor of 35 and 77447314?
7
What is the greatest common factor of 4725 and 597585?
15
Calculate the highest common factor of 214620 and 19572.
84
What is the greatest common factor of 2808 and 38021373?
351
Calculate the greatest common divisor of 493474 and 6713.
137
Calculate the greatest common factor of 300 and 345500.
100
Calculate the greatest common divisor of 9880540 and 14620.
860
What is the highest common divisor of 464032867 and 17?
17
Calculate the greatest common divisor of 60872 and 38864.
56
What is the highest common divisor of 576 and 606990744?
72
Calculate the greatest common divisor of 935 and 42969047.
187
Calculate the highest common divisor of 170408676 and 1956.
1956
Calculate the greatest common divisor of 81 and 202333221.
81
Calculate the highest common divisor of 4610 and 9610.
10
Calculate the greatest common factor of 1476 and 13391100.
36
Calculate the highest common factor of 1526 and 3496206.
14
What is the highest common factor of 48 and 18169368?
24
What is the greatest common divisor of 6196981 and 928?
29
What is the highest common factor of 2814 and 696905860?
938
What is the greatest common factor of 1213776 and 3600?
144
Calculate the greatest common divisor of 376018 and 5517526.
458
Calculate the greatest common divisor of 16816 and 3546074.
2102
What is the highest common divisor of 17124497 and 423?
47
Calculate the greatest common divisor of 10812 and 776016.
204
What is the highest common divisor of 53807427 and 27?
9
What is the greatest common factor of 525126 and 2352?
42
Calculate the greatest common divisor of 36 and 29427858.
18
Calculate the highest common divisor of 2089042058 and 38.
38
What is the highest common divisor of 1280961 and 825?
33
What is the highest common factor of 8626404 and 1164?
1164
What is the highest common divisor of 38658305 and 145?
145
What is the greatest common divisor of 442 and 688012338?
442
What is the greatest common factor of 98624 and 211784?
184
What is the highest common factor of 582332 and 81290?
1478
Calculate the highest common divisor of 1133 and 45485.
11
Calculate the highest common divisor of 8544 and 207516.
12
Calculate the highest common divisor of 49283936 and 4576.
416
Calculate the greatest common factor of 10395 and 70719.
33
What is the greatest common divisor of 1348 and 175551388?
1348
Calculate the greatest common factor of 922071 and 4196.
1049
Calculate the highest common factor of 90151335 and 45.
45
What is the highest common factor of 55600 and 144076975?
3475
What is the highest common divisor of 1667820 and 16555?
385
Calculate the highest common divisor of 10885 and 3869915.
35
Calculate the highest common factor of 54 and 169362.
18
Calculate the greatest common factor of 126336 and 31397504.
6016
Calculate the greatest common divisor of 2379 and 710955.
183
What is the highest common divisor of 156541 and 1498112?
1463
Calculate the greatest common divisor of 77982 and 9264360.
246
What is the greatest common factor of 261667 and 4266451?
203
Calculate the greatest common factor of 6570 and 21399804.
1314
Calculate the greatest common factor of 279 and 141342485.
31
What is the highest common divisor of 7582580 and 620?
20
Calculate the greatest common divisor of 2031075 and 150.
75
Calculate the highest common divisor of 1342 and 71508958.
122
Calculate the greatest common divisor of 31 and 69818479.
31
Calculate the highest common divisor of 6106246 and 938.
134
What is the highest common divisor of 198012 and 1048988?
116
What is the highest common factor of 1956 and 6216318?
6
What is the highest common divisor of 810734 and 228042?
82
Calculate the greatest common divisor of 39059270 and 129895.
1565
Calculate the greatest common divisor of 1440 and 3239560.
40
What is the greatest common factor of 722868 and 816?
12
What is the highest common divisor of 67388 and 621010?
34
What is the greatest common factor of 16996472 and 1688?
1688
Calculate the highest common divisor of 211672 and 4184.
8
What is the greatest common factor of 4805822 and 5358?
38
Calculate the greatest common divisor of 1042 and 25165342.
1042
What is the highest common factor of 33568327 and 32656?
2041
Calculate the greatest common divisor of 454463 and 396797.
1373
What is the highest common factor of 2131767 and 29646?
549
Calculate the greatest common factor of 3708 and 39906423.
927
Calculate the highest common factor of 324 and 11105820.
36
What is the highest common factor of 20 and 11065870?
10
Calculate the greatest common divisor of 3496 and 55222379.
437
What is the highest common divisor of 396107921 and 88?
11
Calculate the greatest common factor of 18 and 500314041.
9
Calculate the greatest common factor of 9 and 3014079.
3
What is the greatest common factor of 112214005 and 32665?
695
What is the highest common divisor of 72590 and 904610?
70
What is the greatest common factor of 55693 and 9911341?
671
What is the highest common divisor of 415 and 5747584?
83
What is the highest common divisor of 19962 and 2448?
18
Calculate the greatest common factor of 708696 and 312.
24
What is the greatest common factor of 69121 and 1508?
13
Calculate the greatest common divisor of 14569618 and 266.
266
Calculate the greatest common factor of 39960 and 1022680.
1480
Calculate the greatest common factor of 5839609 and 235.
47
What is the greatest common factor of 245977317 and 54?
27
What is the greatest common factor of 59286985 and 345?
115
Calculate the greatest common factor of 1776 and 17261976.
24
Calculate the greatest common divisor of 175472 and 319.
11
What is the greatest common factor of 11292060 and 2340?
780
What is the greatest common divisor of 239787 and 118358?
83
What is the highest common factor of 26352089 and 621?
23
What is the greatest common divisor of 288 and 40113558?
18
What is the greatest common divisor of 9819688 and 57744?
3208
What is the greatest common factor of 24624 and 2314371?
57
Calculate the greatest common divisor of 80641 and 7062.
11
Calculate the highest common factor of 613664 and 1377696.
4064
Calculate the greatest common divisor of 442640 and 560.
80
What is the greatest common factor of 51304 and 414248?
424
What is the highest common divisor of 71100 and 432920?
1580
What is the greatest common factor of 13967182 and 2264?
566
What is the highest common factor of 83729628 and 90?
18
What is the greatest common divisor of 1296 and 230181696?
432
Calculate the highest common divisor of 595 and 1105765.
85
What is the highest common divisor of 145 and 31133211?
29
Calculate the highest common divisor of 81 and 15786297.
9
What is the highest common divisor of 52032 and 71040?
192
What is the highest common factor of 198 and 338831757?
99
What is the highest common factor of 67596 and 781052?
172
Calculate the highest common divisor of 9238 and 1100812.
298
Calculate the greatest common divisor of 340354 and 17388.
322
Calculate the highest common factor of 1830649318 and 10588.
5294
What is the greatest common factor of 10720 and 179937880?
2680
What is the highest common divisor of 5180733 and 612?
153
What is the highest common divisor of 128510 and 74905?
355
Calculate the highest common divisor of 2391 and 937613116.
797
What is the greatest common factor of 133320 and 8160?
120
What is the highest common factor of 3240756 and 24?
12
Calculate the highest common factor of 19747 and 6815900.
637
What is the greatest common divisor of 482036404 and 15140?
3028
What is the highest common factor of 68667 and 1047537?
1461
What is the greatest common divisor of 15396414 and 1518?
66
Calculate the highest common factor of 210 and 4936577520.
210
What is the highest common factor of 97104 and 1561756?
80